*n. What is the tens digit of n?
3
What is the tens digit of (-34)/(-51) + (-1)/((-6)/3578)?
9
Suppose 2*y - 8 = h, -30*y + 1 = -29*y. Suppose -90 = 2*o + 3*o. What is the tens digit of h/o - (-166)/6?
2
Suppose -3*l + 0*l - 4*m - 22 = 0, 3*l - 5*m + 40 = 0. Let b be (1 - -4)*(-2)/l. What is the tens digit of (10 - (0 + 1)) + b?
1
Let n(l) = l**2 + 2*l. Let w be n(2). What is the tens digit of (-65 + w)/(-2 - (-1 + 0))?
5
Let h(v) = -v**3 - 4*v**2 - 8*v. Let u = 3 - 11. What is the tens digit of h(u)?
2
Let n = 8 + -47. Let s = n - -110. What is the units digit of s?
1
Suppose -5*l + 42 = -23. Suppose -42 = 5*a + l. Let j = 34 + a. What is the units digit of j?
3
Let m(r) = -r**3 - 6*r**2 + 11*r - 11. Let t be m(-7). Let u = -33 - t. What is the units digit of u?
6
Let x(m) = -m**3 - 6*m**2 + 2*m - 10. Let l = 74 + -53. Let t be l/(-2)*16/24. What is the tens digit of x(t)?
2
Let q be 4/30 + 368/(-60). What is the units digit of 3/(-9) - 44/q?
7
Suppose -3*j + 3 = 0, 6*j - 665 = -3*h + j. What is the tens digit of h?
2
Let l = -301 - -1057. What is the hundreds digit of l?
7
Suppose 0 = 5*s + a - 227, -2*s + 3*a = s - 129. Let w = 174 - s. What is the units digit of w?
9
Let n(c) = 138*c**2 - 9*c + 40. What is the hundreds digit of n(3)?
2
Let z(m) = m - 7. Let f be z(7). Suppose j = -f*j - 44. What is the tens digit of j/(5/((-15)/6))?
2
Let k(i) = -i**3 + 20*i**2 - 12*i - 77. What is the tens digit of k(15)?
6
Suppose -6*m = -0*m - 1974. Suppose -4*w - 3*z + m = 0, -4*w + 327 = -0*w + 5*z. What is the units digit of w?
3
Let u(h) = 3*h - 7 + 3*h**2 - 3*h - 3*h. What is the units digit of u(5)?
3
Let k = 15 + 139. Let m = -86 + k. What is the tens digit of m?
6
Let i(x) = x**3 - 9*x**2 - 8*x + 4. Let m be i(14). Suppose 4*y + 184 = 2*b - b, -4*y + m = 5*b. What is the units digit of b?
6
Let u be (-2)/(-3 - (-16)/6). Let s = 11 - u. Suppose -5*b + s*f - f + 64 = 0, -b + 4*f + 16 = 0. What is the units digit of b?
2
Suppose 3*b + 3*d = 7584, -2*b - 2*d + 5050 = 2*d. What is the tens digit of b?
3
Suppose 5*k - 2*k + 2*t + 113 = 0, 0 = 4*k + 3*t + 151. Let b = 93 + k. What is the tens digit of b?
5
Let s = -49 + 94. What is the tens digit of s?
4
Suppose -5 = -4*b + 3. Let i(o) = 11*o**3 - o**2 - 2*o - 1. Let h be i(-1). What is the tens digit of (h/22)/(b/(-80))?
2
Let j(r) = r**3 - r**2 + 3. Let s be j(0). Suppose -s*d + 409 = 49. Suppose -9*v - d = -14*v. What is the tens digit of v?
2
Suppose -31*a + 9 = -28*a. What is the tens digit of (-5)/3*(a + -93)?
5
Let h(c) be the third derivative of -4*c**2 + 0 + 0*c - 1/3*c**4 - 1/3*c**3. What is the units digit of h(-3)?
2
Let k(t) = -t**3 + 10*t**2 - 12*t - 5. Let u be k(9). Let c be (8/2)/((-4)/u). Let r = c + 7. What is the units digit of r?
9
Let a(q) = 11. Let z(g) = -g. Let i(b) = a(b) + 5*z(b). What is the units digit of i(-4)?
1
Let m(v) = -v**3 + 36*v**2 + 15*v - 105. What is the hundreds digit of m(36)?
4
What is the units digit of (6 - 2)/(6/2328)?
2
Suppose f - 36 + 12 = 0. Let n be 16/(-88) - f/(-11). Suppose -3*u = n*b - 6*b + 51, -2*u - 10 = 0. What is the units digit of b?
9
Let k = 1799 + -873. What is the units digit of k?
6
Let x = 419 - -774. What is the hundreds digit of x?
1
Suppose 3*i - 2 = 4. Suppose -i*l = -2*n - 0*n - 16, -5*l - n + 58 = 0. Let x(s) = s**3 - 10*s**2 - 11*s + 4. What is the units digit of x(l)?
4
Let w(g) = -g**2 + 11*g - 20. Let h be w(8). Suppose h*o - o = 0. Let p(i) = -i**3 + 14. What is the tens digit of p(o)?
1
Let c(k) = -48*k + 311. What is the units digit of c(-23)?
5
Suppose 167*w = 154*w + 12571. What is the hundreds digit of w?
9
Suppose k = 1, 0 - 225 = -3*m + 3*k. Suppose 18 + m = v. What is the tens digit of v?
9
Let m = -15 + 9. Let f(q) be the third derivative of q**5/60 - q**4/24 - 11*q**3/6 + 124*q**2. What is the units digit of f(m)?
1
Let f(u) = u**3 + 8*u**2 - u - 4. Let z be f(-8). Let w be 1240/(-44) - z/(-22). What is the units digit of 208/w*(-35)/10?
6
Let p be (1 + -3)/((-32)/48). Let n = -1 - 1. What is the units digit of (-77)/n + p/(-6)?
8
Suppose -2*q = -3*q - 4. What is the tens digit of -106*q/(-12)*-3?
0
Let v(j) = j + 1. Let r be v(-1). Suppose -3*w - 6 = r, 20 + 0 = 2*p - 5*w. Suppose -g = -p*g + 4*n + 208, -2*g + 5*n = -113. What is the units digit of g?
9
Let b = 154 + -68. What is the units digit of -6*(2 + b/(-6))?
4
Let r(h) be the third derivative of -1/24*h**4 + 0 - 1/60*h**5 + 0*h + 7/3*h**3 + 6*h**2. What is the tens digit of r(0)?
1
Suppose x - 14 = -x + 2*c, -2 = c. Suppose 0*i - 42 = 3*j + 3*i, -x*i + 50 = -5*j. What is the tens digit of 1/(-2) + (-318)/j?
2
Let m be -3 + (-25)/(-5) - (-11)/(-1). Let u(k) = 3*k**2 + 16*k + 2. What is the tens digit of u(m)?
0
Suppose h - c - c = 31, -h = -5*c - 37. Let w = 38 - h. What is the units digit of w?
1
What is the units digit of 2*((-10)/115 + (-12934)/(-92))?
1
Let z = 2615 - 1055. What is the units digit of z?
0
Let v = -2551 - -5141. What is the units digit of v?
0
Let u(w) be the third derivative of w**5/60 - w**4/24 + 13*w**3/6 - 2*w**2. What is the tens digit of u(0)?
1
Let m = -385 - -669. What is the hundreds digit of m?
2
What is the tens digit of (-12)/10*(2 + -1 - 476)?
7
What is the hundreds digit of 22/(-33) + (1 - (-7296)/9)?
8
Let a(j) = j**2 - 5*j - 6. Let f be a(5). Let t be (-5)/((-40)/f)*12. Let w(r) = -r**2 - 12*r - 8. What is the tens digit of w(t)?
1
Let b be (3 - (-90)/3) + 1. Suppose 14 - b = -5*i. Suppose z - i - 4 = 0. What is the units digit of z?
8
Suppose -a - 60 + 305 = 0. Let j = a - 87. What is the tens digit of j?
5
Let o = 22 + -20. Suppose 7*y - o*y = 795. What is the units digit of y?
9
What is the units digit of (-3)/11 - 593180/(-220)?
6
Suppose 0 = -5*v + 5 + 5. Suppose -1 = v*m - m, 3*x - 10 = 4*m. What is the tens digit of (21 - (-6)/(-2)) + x?
2
Let i(w) = w + 1. Let t be i(4). Suppose 0 = -0*b - 5*b - 4*d + 42, d = 2*b - 22. Let v = b - t. What is the units digit of v?
5
Suppose 4*i - 2*o = -64, 5*i = -6*o + 3*o - 102. Let k = 18 - i. What is the tens digit of k?
3
Let t = -18 - -13. Let o = t + 5. What is the units digit of (-18 + o - 1)/(-1)?
9
Let r = -678 + 2094. What is the hundreds digit of r?
4
Let o(x) = 2*x**2 - 2*x + 3. Let g be o(4). Suppose w - g + 23 = 0. Suppose 0*c + w*c - 32 = 0. What is the units digit of c?
8
Suppose -4*v + 0*v + 3*u = -760, 3*u = v - 181. What is the hundreds digit of v?
1
Let j(n) = -2*n**2 + n - 29. Let x be j(0). Let t = x + 34. What is the tens digit of (-34)/85 + 222/t?
4
Suppose 2*i + 2*o - 5810 = 0, -3*i + 8740 = 4*o - 6*o. What is the thousands digit of i?
2
Let z(v) = -144*v - 376. What is the tens digit of z(-23)?
3
Let c(k) = -5*k + 3*k + 3*k + 22. What is the tens digit of c(5)?
2
What is the tens digit of (-4)/(-2) - ((-1047)/3 - 14)?
6
Let s be (284/10)/((-6)/(-30)). Let x = s + -86. What is the units digit of x?
6
Let v = -30 - 1. Let r = v + 52. What is the units digit of r?
1
Let m = 169 + -64. Let q = m + -53. What is the units digit of q?
2
Let z = -68 - -74. Suppose -3*j - z = -15. What is the units digit of j?
3
Suppose 310 = -32*z + 3702. What is the hundreds digit of z?
1
Let l(g) = g**2 + 5*g - 2. Let w be l(-4). What is the units digit of 777/w*8/(-14)?
4
Let v = 18 + -19. Let y be (2 - (-6)/3) + v. Let a = y + 19. What is the tens digit of a?
2
Let q(a) = 3*a**2 + 25*a + 39. Let k be q(-16). Suppose -5*o = -58 - k. What is the tens digit of o?
9
Let p(g) = -1 - 6*g - 4 + 1 - 12*g. Let l be p(-2). Let w = -10 + l. What is the tens digit of w?
2
Suppose 0 = 3*f - l - 2*l - 135, 4*f - 3*l = 183. Let k = 73 + f. What is the hundreds digit of k?
1
Suppose 0 = 13*v - 23254 - 4020. What is the units digit of v?
8
Let x(q) = -39*q - 100. What is the hundreds digit of x(-6)?
1
What is the tens digit of 2/1 - (-2)/4*734?
6
Let g(l) = -199*l + 36. What is the hundreds digit of g(-1)?
2
Let r = 20 + 3. Suppose -6*p - 17 + r = 0. What is the units digit of p?
1
Suppose 0 = 5*b - 2*o - 1850, -3*b + o - 4*o = -1089. What is the tens digit of b?
6
Suppose 335 = 4*l - t, l - t - 87 = -4*t. Suppose 0 = 5*g - 2*w + w - 156, -3*g + l = -3*w. What is the units digit of g?
2
Let l(r) be the first derivative of -3*r**2/2 + r + 2. Let y be l(1). What is the units digit of (-1160